1*p + 17. Determine i(2).
-5
Let i(o) = 3*o**2 + 27*o + 10. Determine i(-9).
10
Let j(d) = -15*d + 14. Give j(4).
-46
Let r(i) = -i + 10. Determine r(24).
-14
Let w(r) = -r + 1. Give w(-8).
9
Let y(u) = -u**3 + 8*u**2 - 6*u - 9. Give y(7).
-2
Let g(r) = r**3 + 26*r**2 + 26*r + 88. Give g(-25).
63
Let i(u) = u**2 - 2*u + 5. What is i(4)?
13
Let l(g) = 2*g**2 + 16*g + 26. What is l(-3)?
-4
Let g(u) = 4*u**2 + u. Give g(-1).
3
Let h(q) = -q + 3. What is h(-1)?
4
Let m(a) = -8*a - 59. Give m(-8).
5
Let q(o) = 2*o**2 + 39*o + 180. Determine q(-7).
5
Let z(k) = -3*k**2 - 3. Determine z(5).
-78
Let r(q) = -2*q**2 - 30*q - 17. Give r(-14).
11
Let o(i) = 6*i - 27. What is o(4)?
-3
Let q(s) = s**2 - 9*s + 6. Determine q(4).
-14
Let k(g) = g**3 + 3*g**2 - 6*g + 16. Give k(-5).
-4
Let c(o) = 7*o**2 - 7*o + 1. Determine c(1).
1
Let s(l) = l**3 - 9*l**2 + 2*l + 4. Determine s(8).
-44
Let u(l) = -l**3 + 7*l**2 - 11*l + 3. What is u(5)?
-2
Let s(v) = v + 32. Determine s(-19).
13
Let a(j) = j**2 + 16*j + 51. What is a(-9)?
-12
Let w(l) = -l**3 + 11*l**2 - 16*l + 21. Give w(9).
39
Let h(c) = -26*c + 21. Calculate h(3).
-57
Let h(r) = -r**2 + 2*r + 13. Determine h(10).
-67
Let t(y) = y**3 - 13*y**2 + 16*y + 5. Calculate t(11).
-61
Let m(q) = -8*q + 284. Calculate m(34).
12
Let g(u) = -u**3 + 8*u**2 - 5*u - 8. Give g(7).
6
Let k(z) = -z**3 + 4*z**2 + 8*z - 5. Calculate k(6).
-29
Let w(s) = s**3 - s**2 + 4. Calculate w(0).
4
Let y(l) = -10*l - 5. Determine y(8).
-85
Let p(b) = 2*b - 2. Calculate p(-2).
-6
Let g(f) = -f**2 - 12*f - 28. Determine g(-10).
-8
Let f(m) = m**2 + 31*m + 75. Give f(-26).
-55
Let d(z) = -z**3. Give d(-3).
27
Let d(n) = n**2 - 4*n - 9. What is d(7)?
12
Let y(m) = -38*m + 183. Determine y(5).
-7
Let n(s) = s**3 - 9*s**2 + 15*s - 6. What is n(7)?
1
Let q(y) = 10*y**3 + 4*y**2 + 6*y + 6. Determine q(-2).
-70
Let f(t) = -t**3 - t**2 + 25*t + 65. Calculate f(-4).
13
Let p(u) = 11*u**2 - 1. Determine p(-1).
10
Let t(y) = 2*y**2 + 7*y - 3. What is t(-3)?
-6
Let o(h) = 2*h + 69. What is o(-37)?
-5
Let z(k) = -k**2 + 4*k + 4. What is z(4)?
4
Let m(s) = -s**3 - 29*s**2 + 2*s + 18. Calculate m(-29).
-40
Let t(n) = 4*n + 2. Determine t(-3).
-10
Let c(z) = -z**2 - 51*z - 329. Give c(-7).
-21
Let s(n) = n**2 - 10*n + 5. Calculate s(9).
-4
Let a(f) = f**3 + 4*f**2 - f - 4. Determine a(-3).
8
Let t(u) = 2*u**2 + 20*u - 4. Give t(-10).
-4
Let j(x) = -x**3 + 14*x**2 - 17*x - 9. What is j(13)?
-61
Let q(m) = m - 8. Determine q(10).
2
Let z(s) = s**3 + 4*s**2 - 10*s - 17. Give z(-4).
23
Let v(d) = -11*d - 2. Calculate v(-4).
42
Let v(h) = -2*h**2 + 5*h - 8. Determine v(4).
-20
Let c(s) = 80*s - 241. Determine c(3).
-1
Let o(v) = -3*v**3 - 4*v**2 + 2*v + 2. Calculate o(-3).
41
Let b(s) = s**2 - 5*s + 8. Give b(7).
22
Let o(l) = -l**2 + 21*l - 30. Give o(19).
8
Let j(i) = 5*i**2 + i. What is j(3)?
48
Let c(m) = 4*m - 30. What is c(6)?
-6
Let d(v) = -v**2 - 8*v - 10. Calculate d(-7).
-3
Let c(l) = l**3 + 11*l**2 - 9*l + 9. Give c(-12).
-27
Let f(i) = -3*i**2 - 4*i + 3. Determine f(1).
-4
Let b(v) = -7*v**2 - v + 2. What is b(2)?
-28
Let t(u) = u + 1. Determine t(-3).
-2
Let z(o) = -o**2 - 2*o + 17. Calculate z(4).
-7
Let s(r) = r - 15. Give s(11).
-4
Let v(m) = -2*m - 76. Determine v(-36).
-4
Let x(g) = g**2 - 7*g + 7. Determine x(7).
7
Let c(t) = t**3 + 6*t**2 - 11*t - 3. Give c(-7).
25
Let h(p) = -p. Calculate h(-9).
9
Let v(l) = -l**2 - 8*l + 86. Calculate v(-15).
-19
Let l(k) = -k**3 - 6*k**2 + 8*k - 1. What is l(-7)?
-8
Let z(k) = -2*k**2 - 36*k + 31. Determine z(-19).
-7
Let d(p) = -5*p + 62. What is d(18)?
-28
Let r(m) = -2*m**3 + m - 9. Give r(0).
-9
Let n(l) = -l**3 - 2*l**2 - 3*l + 106. Determine n(0).
106
Let s(w) = -w**3 + 11*w**2 - 11*w + 8. Give s(10).
-2
Let a(x) = 2*x**3 - 8*x**2 - 2*x - 5. Give a(4).
-13
Let r(f) = f**2 - 6. What is r(0)?
-6
Let t(x) = -2*x**2 - 14*x - 33. Give t(-3).
-9
Let g(m) = -m**2 - 7*m + 74. Give g(-13).
-4
Let q(d) = d**2 - 4*d - 1. Determine q(6).
11
Let f(y) = 15*y - 1. Calculate f(2).
29
Let w(d) = -65*d + 385. Determine w(6).
-5
Let s(y) = y**2 - 2*y - 1. Determine s(2).
-1
Let g(v) = v + 28. What is g(-6)?
22
Let r(n) = -n**2 - 13*n + 51. Calculate r(-15).
21
Let t(z) = -z**3 - 2*z**2 + 4. What is t(-3)?
13
Let a(i) = i - 8. Determine a(12).
4
Let o(n) = -2*n**3 + 48*n**2 + 52*n - 48. What is o(25)?
2
Let k(a) = -4*a**2 - 4*a + 9. Give k(2).
-15
Let k(i) = -6*i - 4. Determine k(10).
-64
Let c(k) = 8*k - 59. Determine c(7).
-3
Let x(m) = 18*m + 519. What is x(-29)?
-3
Let k(t) = 4*t - 16. What is k(12)?
32
Let p(m) = -5*m + 45. What is p(10)?
-5
Let c(n) = n**3 - n - 92. Give c(0).
-92
Let f(j) = -j**2 + 45*j - 128. What is f(42)?
-2
Let j(i) = -i**2 + 75*i - 581. What is j(9)?
13
Let l(x) = 10*x + 2. What is l(1)?
12
Let h(b) = b**3 + 9*b**2 + b + 12. Determine h(-9).
3
Let x(b) = -9*b + 21. Determine x(17).
-132
Let p(x) = 61*x + 312. Give p(-5).
7
Let b(v) = -v**3 + 15*v**2 + 34*v - 1. Determine b(17).
-1
Let w(i) = i**3 + 12*i**2 + 19*i - 65. Determine w(-9).
7
Let j(t) = -123*t - 123. Give j(-1).
0
Let y(s) = s - 21. Calculate y(11).
-10
Let k(t) = -t**3 + 3*t**2 + 3. Calculate k(3).
3
Let g(r) = -3*r**3 + r**2 + r - 1. Calculate g(1).
-2
Let k(r) = 33*r**3 - 2*r**2 - 4*r - 3. What is k(-1)?
-34
Let h(v) = v**3 - 6*v**2 + 7*v - 8. Determine h(5).
2
Let s(g) = g**3 - 10*g**2 + 19*g - 21. Determine s(9).
69
Let f(v) = -v**3 - v**2 + 2*v + 10. Calculate f(4).
-62
Let y(m) = 5*m - 14. Give y(-14).
-84
Let q(r) = 16*r + 39. Determine q(-6).
-57
Let x(f) = f**3 - 30*f**2 + 2*f - 61. What is x(30)?
-1
Let n(y) = y**2 + 4*y + 6. Calculate n(-5).
11
Let w(m) = m**3 + 5*m**2 - m - 2. Give w(-5).
3
Let m(p) = p**3 - 26*p**2 + 26*p - 37. What is m(25)?
-12
Let a(l) = l**3 + 2*l**2 - 11*l - 12. What is a(-1)?
0
Let a(c) = c**3 - 5*c**2 - 5*c - 12. Calculate a(6).
-6
Let p(a) = 4*a + 60. What is p(-16)?
-4
Let m(s) = 5*s**3 + 2*s**2 - 3*s - 2. What is m(-1)?
-2
Let v(a) = a**3 + 14*a**2 + 9*a - 46. Determine v(-13).
6
Let x(g) = 4*g**2 - g - 2. Give x(3).
31
Let n(f) = -8*f. What is n(-1)?
8
Let w(u) = 4*u**2 + 21*u + 9. Determine w(-7).
58
Let l(u) = -u + 21. Determine l(5).
16
Let d(b) = 2*b + 11. Give d(-11).
-11
Let u(j) = -j**3 - 5*j**2 + 4*j - 6. What is u(-7)?
64
Let k(f) = -f**3 - 15*f**2 - 3. Calculate k(-15).
-3
Let s(z) = z**2 - 7*z - 34. Give s(10).
-4
Let b(p) = 24*p + 2. Give b(2).
50
Let h(j) = -5*j + 21. What is h(-9)?
66
Let d(o) = 5*o + 27. Give d(6).
57
Let s(z) = z**2 + 17*z + 33. What is s(-14)?
-9
Let p(k) = -k**3 - 9*k**2 + 9*k + 4. Determine p(-10).
14
Let k(t) = t**2 + 7*t + 3. Calculate k(-7).
3
Let h(c) = 2*c**2 + 18*c - 22. Determine h(-11).
22
Let l(d) = d**3 - 15*d**2 - 37*d + 56. Determine l(17).
5
Let a(z) = -z**2 - 29*z - 143. Determine a(-6).
-5
Let u(l) = 3*l**2 + 17*l - 47. What is u(3)?
31
Let i(c) = c**3 - c**2 - 2*c - 79. Give i(0).
-79
Let v(r) = -70*r - 339. What is v(-5)?
11
Let b(i) = i**2 + 24*i + 132. Calculate b(-9).
-3
Let h(x) = 4*x - 72. Give h(22).
16
Let i(a) = 2*a**2 - 6*a + 5. What is i(-6)?
113
Let q(h) = h**2 + 9*h + 5. Determine q(-6).
-13
Let b(v) = -2*v**2 - 2*v + 2. Give b(-2).
-2
Let o(d) = -d**3 + 17*d**2 + 20*d - 30. What is o(18)?
6
Let c(s) = -2*s + 26. Determine c(0).
26
Let z(q) = q**3 + 2*q**2 - 223*q + 13. Determine z(-16).
-3
Let x(a) = -3*a - 3. What is x(6)?
-21
Let h(a) = 6*a - 12. Determine h(5).
18
Let i(j) = -7*j + 83. What is i(13)?
-8
Let s(r) = 12*r + 21. Give s(0).
21
Let g(t) = 20*t**2 - 4*t + 3. Give g(2).
75
Let g(x) = x**3 + 22*x**2 + 70*x - 40. What is g(-18)?
-4
Let i(z) = 2*z**3 + 15*z**2 + 5*z - 12. Calculate i(-7).
2
Let r(q) = q**3 + 10*q**2 + 11*q - 16. Determine r(-9).
-34
Let f(z) = -z**3 + 9*z**2 - 4*z - 5. What is f(7)?
65
Let s(u) = -72*u**2 - 3. Calculate s(-1).
-75
Let w(q) = 28*q**3 + 1. Give w(1).
29
Let p(w) = -2*w**3 + 3*w**2 + 5*w + 5. What is p(3)?
-7
Let l(c) = -c**3 - 7*c**2 - 3*c + 22. Give l(-6).
4
Let v(a) = -a**2 - 11*a + 1. Calculate v(-11).
1
Let s(x) = 6*x - 76. Give s(13).
2
Let o(w) = 22*w - 181. Calculate o(8).
-5
Let k(r) = 6*r**2 + 23*r + 24. Give k(-1).
7
Let n(p) = 8*p + 4. What is n(3)?
28
Let x(p) = -p**2 - 11*p - 7. What is x(-7)?
21
Let q(l) = 2*l - 12. Determine q(6).
0
Let v(m) = -m**3 - 9*m**2 + 1